2/9 is divided by 2.
0
Calculate the remainder when ((-760)/50)/(2/(-30)) is divided by 21.
18
Suppose -i + 4*i - 6 = 0. Suppose 0 = -5*w - 5*a + 300, -i*a + 215 + 29 = 4*w. Calculate the remainder when w is divided by 16.
14
Suppose -k - s + 5 = 0, -3*k + 11 = s + 4*s. What is the remainder when k is divided by 5?
2
Let o(v) = 7*v**3 + v - 1. Let l be o(1). What is the remainder when 23 is divided by 82/14 - (-1)/l?
5
Let g = 37 - 19. Suppose -g = -2*b - 2*o, 4*b - 5*o - 40 - 23 = 0. Calculate the remainder when 212/6 - 5/15 is divided by b.
11
Let i = 0 - -1. Suppose 13 = u + 2*t, 2*u + 1 = -u + 2*t. Suppose u = h + 2*h. Calculate the remainder when h is divided by i.
0
Suppose 0 = -2*s - 21 + 5. Let b = -12 - s. Let q(k) = k**3 + 4*k**2 - 3*k - 5. Calculate the remainder when q(b) is divided by 2.
1
What is the remainder when (-3 + -3)*(-18)/4 is divided by 7?
6
Suppose -2*a + 2*v = -74, 155 = 6*a - 2*a + 3*v. Calculate the remainder when a is divided by 14.
10
Suppose 2*l = 5*c - 79, c - l - 2 - 12 = 0. Calculate the remainder when ((-28)/35)/(2/(-125)) is divided by c.
16
Let w be (-4)/8 - 3/(-6). Suppose w*z = z + x - 5, -5*z + 53 = -2*x. What is the remainder when 17 is divided by z?
8
What is the remainder when 58 is divided by -1 + 6/(-3) + 18?
13
Let c = -6 - -14. Let w = 4 + -13. Let a(j) = j**3 + 10*j**2 + 5*j - 13. Calculate the remainder when a(w) is divided by c.
7
Let t = 8 - 6. Suppose 3*n - 5*r - 150 = 0, 4*n - t*r = -4*r + 226. Let u = 42 - 23. Calculate the remainder when n is divided by u.
17
Let z(h) = -h**3 + 5*h**2 - 2*h - 5. Let u = 15 + -11. What is the remainder when 7 is divided by z(u)?
1
Let o = 12 - -17. Calculate the remainder when 55 is divided by o.
26
Suppose 5*t - 4*t - 12 = 0. Calculate the remainder when 45 is divided by t.
9
Suppose 140 = -5*t + t. Let n = 58 + t. What is the remainder when (-6)/(-2)*68/3 is divided by n?
22
Suppose 3*b - 3 + 0 = 0. Suppose -2*q + b + 15 = -4*i, -q + 5 = i. What is the remainder when 17 is divided by q?
5
Suppose 3*g = -0*g - a + 11, 0 = -3*a + 15. Suppose g*t = 19 + 17. Suppose 2*i - 265 = -3*i. What is the remainder when i is divided by t?
17
Suppose -7 = -3*f - 1. Suppose -2*q + 40 = 3*q. Calculate the remainder when 23 - (-1)/(-2)*f is divided by q.
6
Let x = -52 - -98. Calculate the remainder when 132 is divided by x.
40
Suppose -4*c + 2*u - 3 = -5*c, 48 = 4*c - 4*u. What is the remainder when 132 is divided by c?
6
Suppose 2*z + 2 = 0, 3*y + 112 = 4*z + 503. What is the remainder when y is divided by 13?
12
Let o be -103*(0/(-3) - -1). Let i = -42 - o. What is the remainder when i is divided by (1/((-2)/(-32)))/1?
13
Suppose -2*u - 4*y = 2*u - 36, 5*y = 5*u - 5. Suppose t + 51 = u*a, -a = 5*t - 4*t - 9. What is the remainder when 19 is divided by a?
9
Let n(p) = p**2 + 3*p - 3. What is the remainder when n(5) is divided by 13?
11
Suppose o - 2 = 4. Calculate the remainder when 7 is divided by o.
1
Suppose 3*v + 9*w = 4*w + 73, -2*w - 59 = -3*v. Suppose 2*m = -m + v. Let f(l) = l**3 + 8*l**2 + 4*l - 2. What is the remainder when f(-7) is divided by m?
5
Suppose -5*y = -3*f - 61, 4*y - 4*f = y + 30. Calculate the remainder when (-42 - -1)*(-1 - 0) is divided by y.
13
Suppose 3*d = -2*z - 2*d + 14, 59 = 3*z - 2*d. Suppose z = b - 4*i, 2*b - 3*i + 0*i - 59 = 0. Calculate the remainder when b is divided by 19.
18
Let k = 4 + -3. Let n(j) = 2*j**3 - j. Let t(h) = h**2 + h + 1. Let z be t(0). What is the remainder when k is divided by n(z)?
0
Suppose -2*p + 98 = -2*o + 4*o, 5*p + 98 = 2*o. What is the remainder when 242 is divided by o?
46
Suppose -w = 3*w - 32. Let m(t) = t**2 + 3. Let s be m(0). Calculate the remainder when 4*((-51)/(-6) - s) is divided by w.
6
Let o be -12 - -2*3/6. Let m = 3 - -41. Let u = m - o. What is the remainder when u is divided by 19?
17
Let h(g) = -2*g + 27. Calculate the remainder when 12 is divided by h(9).
3
Calculate the remainder when 53 is divided by (-5 - -12)*(-6)/(-3).
11
Suppose -3*c + 28 = -5*f, 5*c + 15 = -5*f + f. Calculate the remainder when 25 is divided by c + 0 + (-39)/(-3).
11
Let d(l) = -6*l + 1. Let n = 29 + -20. What is the remainder when d(-4) is divided by n?
7
Let v = 12 - 4. Let j(f) = -f**3 + 9*f**2 - 8*f + 2. Let u be j(v). Suppose -u*l = -0*l - 14. What is the remainder when 19 is divided by l?
5
Suppose -3*b = b - 20. Let t = 4 + -4. Suppose t*p + 30 = b*p. What is the remainder when 16 is divided by p?
4
Let d(p) = -p**3 - 9*p**2 - 9*p + 4. Let h be (-2 - (-18)/3)*1. Calculate the remainder when 21*2/(h - 2) is divided by d(-8).
9
Suppose -2*r + 34 = -0. Let q = -34 - -66. Calculate the remainder when q is divided by r.
15
Suppose 2*l + 0*l = -2. Let y = 3 + l. Suppose -2*b = -4*n - 26, 0 = 4*b - y*b - 3*n - 29. What is the remainder when b is divided by 7?
5
Let n = -17 + 21. Calculate the remainder when 5 is divided by n.
1
Let n(c) = -c**3 - 7*c**2 - 8*c - 7. Let h = -4 - -8. What is the remainder when n(-6) is divided by (-12)/(-9) + h/6?
1
Let d(n) = -n**3 + 7*n**2 + 8*n - 5. Let r be d(8). Let y(m) = -m + 8. What is the remainder when 37 is divided by y(r)?
11
Suppose -5*d + 177 = -43. Suppose -2*g - 4*p = -d, 0*g = -4*g + 5*p + 23. Let j(q) = 23*q. What is the remainder when j(1) is divided by g?
11
Let i = -240 - -341. Calculate the remainder when i is divided by 26.
23
Let a = 11 + -8. Let p(c) = 4*c - a + c - 3. What is the remainder when p(5) is divided by 10?
9
Let k be (-488)/(-12) + (-2)/(-6). Suppose k = 2*t - 29. What is the remainder when t is divided by 12?
11
Let q(y) = 13*y**2 - y. Calculate the remainder when ((-36)/6)/((-8)/60) is divided by q(1).
9
Let c(t) = -t**3 - t**2 + 28. Suppose 33 = 3*y - 12. What is the remainder when c(0) is divided by y?
13
Calculate the remainder when 1 is divided by (-2)/((-4)/6*3).
0
Suppose p - 15 = 2*g + 4, 34 = -4*g - 2*p. Let y(s) = 2*s**2 + 6*s + 1. Let r be y(-5). Let h = r + g. What is the remainder when 34 is divided by h?
10
Suppose -3*n = -2*i + 180, 3*n - 277 - 131 = -5*i. What is the remainder when i is divided by 29?
26
Suppose 68*m = 65*m + 51. Calculate the remainder when m is divided by 6.
5
Suppose -3*k + 3*b + 0*b = -213, -400 = -5*k - 4*b. Suppose -2*d + 68 = -4*y, -3*y + 8*y = 4*d - 124. Calculate the remainder when k is divided by d.
24
Suppose -9*l = -32 - 4. Calculate the remainder when 44 is divided by l.
0
Let q(h) = 2*h**2 - 8*h + 10. Let c(u) = -u**3 + 5*u**2 + 2*u - 1. Calculate the remainder when q(6) is divided by c(5).
7
Let b(m) = 76 + 13*m**2 - 76. Calculate the remainder when 38 is divided by b(-1).
12
What is the remainder when 18 is divided by (-1)/(-3 + (-40)/(-14))?
4
Let d(q) = q - 1. Let k(g) = -g**2 - 7*g - 10. Calculate the remainder when d(4) is divided by k(-4).
1
Suppose 0*b = 2*b, -4*n - 2*b - 8 = 0. Let v = n + 4. What is the remainder when v is divided by 1?
0
Let g be 15/(-35) + (-304)/(-7). Let n = g + -14. Calculate the remainder when n is divided by 11.
7
Let t = 74 - 35. Suppose -13 = -4*r + t. Calculate the remainder when 38 is divided by r.
12
Suppose 0*l = -2*l + 4. Suppose -l*s = -s - 1. What is the remainder when s is divided by 1?
0
Let k(m) = m**2 + 14*m + 31. What is the remainder when k(-14) is divided by 18?
13
Suppose i = 5*i - 356. Suppose -5*x + 11 = -i. Let d = 24 - 13. Calculate the remainder when x is divided by d.
9
Let g(c) = -c**3 - c**2 + c + 9. Let f be g(0). Suppose -5*n + f + 46 = 0. What is the remainder when 32 is divided by n?
10
Suppose 0*t = t - 1. Let l be 6*(t + 3/(-9)). Suppose 0*g + 5*g = 2*w - 72, -l*w - 3*g + 92 = 0. What is the remainder when w is divided by 9?
8
Suppose 5*h - 5*l = 35, 0*l = -4*h - 4*l + 52. Calculate the remainder when 37 is divided by h.
7
Suppose 3*k = 4 + 11. Suppose -9 - k = -y. Calculate the remainder when y is divided by 6.
2
Let p = 1 + -8. Let h(y) = -y**2 - 11*y - 3. Calculate the remainder when h(p) is divided by 9.
7
Suppose 3*i + 6 = 0, -5*u + 3 = -2*i - 11. Suppose -u*f + 16 = -4. Suppose -3*l + w = -8, -l = 3*w - 4*w. What is the remainder when f is divided by l?
2
Let a = -14 - -26. Let p = 34 - 21. Let q = p + 22. What is the remainder when q is divided by a?
11
Let c(v) = v**3 - 7*v**2 - 8*v + 10. What is the remainder when c(8) is di